 36. Calculate the greatest common factor of 19 and a.
19
Let b(g) = -3*g + 6. Let v be b(-2). What is the highest common divisor of v and 4?
4
Let l be 2/3 - 170/3. Let c = -8 - l. Let t be 8*(-4 + 55/10). Calculate the greatest common divisor of t and c.
12
Suppose -5*p = -v - 91, -2*v = 3*p + 2*p + 167. Let g be v/(-14) - (-5)/(-35). Let k = -3 - -5. Calculate the greatest common divisor of k and g.
2
Let v = 6 - 1. Suppose 6*t = t + v. Suppose 3*d - 12 = -2*k, -d - 1 = t. Calculate the highest common divisor of 18 and k.
9
Let j(r) = 14*r**2 - 2*r + 1. Let p(m) = 14*m**2 - 2*m + 1. Let w(d) = 4*j(d) - 3*p(d). Let z be w(1). What is the greatest common factor of 104 and z?
13
Let n(b) = -21*b**3 + b. Let k be n(1). Let j be (k/(-16))/((-2)/(-8)). Calculate the highest common divisor of 15 and j.
5
Suppose 4*m + 2 + 2 = 0. Let i be 4 - (m + 0 + -22). What is the greatest common factor of 18 and i?
9
Let l = 31 + -23. Calculate the highest common factor of 64 and l.
8
Let f(m) = 9*m**2. Let q be f(2). Calculate the highest common divisor of q and 18.
18
Let q = -1 + 3. Suppose 2*s - 3*t - 62 = t, q*t - 74 = -4*s. Calculate the greatest common divisor of 14 and s.
7
Suppose 3*l - 4*l + 28 = 0. Calculate the highest common divisor of 56 and l.
28
Suppose -5*t + t + 21 = j, -3*j = -5*t + 5. Suppose u = -g + 105, -u - t*g = 4*u - 530. Let x = 34 + -24. Calculate the highest common factor of u and x.
10
Let q be ((-4)/(-18) - (-10)/(-45)) + 62. What is the highest common divisor of q and 93?
31
Let h(j) = -j**3 - 13*j**2 - 3*j - 32. Let u be h(-13). Suppose 58 = 5*s - 4*q, s + 3*q = 4*q + 11. Calculate the greatest common factor of u and s.
7
Let u(l) = -l**3 + 7*l**2 + 11*l. Let h be u(8). Suppose 4*q - 5*p = 98, -q = -2*p + p - h. Calculate the greatest common factor of 2 and q.
2
Let m be (1 - (-11 + -2)) + 1. Suppose -4*u + 16 = -4. Calculate the highest common divisor of m and u.
5
Suppose 44 = 5*z - 46. Suppose 0*b + 20 = 4*b. Let v = 4 + b. Calculate the greatest common divisor of z and v.
9
Suppose 104 + 96 = 5*s - 2*f, -80 = -2*s - 5*f. What is the highest common divisor of s and 16?
8
Suppose 0 = -5*p + 79 + 311. Let t(b) = 12*b**2 + 3*b - 2. Let n be t(2). Calculate the highest common factor of p and n.
26
Let p be 4/3*(-21)/2. Let r = 14 - p. Let a be 3*(8/(-6))/(-1). Calculate the highest common factor of a and r.
4
Suppose -3*w + 32 = -208. Calculate the greatest common divisor of w and 16.
16
Let q be ((-36)/(-1) - -4)*(-6)/(-8). Suppose 0 = 4*s + 150 + 10. Let r be (1/(-2))/(2/s). Calculate the highest common factor of r and q.
10
Let y be 2 + 1 - (-1 + -1). Let v = y + -4. Calculate the highest common divisor of v and 1.
1
Suppose 5*y + 60 = 2*z + 148, -y = 4*z. Calculate the highest common factor of 112 and y.
16
Let j = -11 - -19. Calculate the highest common divisor of j and 72.
8
Let l(w) = 3*w**2 + 6 - 6*w - 2 - 2*w**2. Let v be l(6). Let f = -9 - -21. What is the greatest common divisor of v and f?
4
Let i = -14 + 10. Let f = 1 - i. Let v be 2/f - 165/(-25). Calculate the greatest common divisor of v and 1.
1
Suppose -4*o - 16 = -8*o. Suppose -3*p - 5*t = -118, -171 + 25 = -4*p - t. What is the greatest common factor of p and o?
4
Let w(n) = n**2 + 5*n - 2. Let l be w(3). Suppose 0 = 5*u - 23 - l. Calculate the highest common divisor of u and 9.
9
Let t = 10 + 5. Let q = t - 2. Let r = q - 8. What is the highest common divisor of 10 and r?
5
Suppose -2*i = -5 - 27. Calculate the highest common divisor of 80 and i.
16
Let b(h) = 2*h - 1. Let s be b(2). Suppose 0 = -123*d + 116*d + 21. Calculate the greatest common factor of d and s.
3
Suppose -3*f + 57 + 111 = 0. Calculate the greatest common divisor of 8 and f.
8
Let h(b) = -4*b**2 - 3*b**2 - 2*b + 3*b**2 + 4. Let p be h(-4). Let y be (15/(-12) + -1)*p. Calculate the highest common factor of y and 13.
13
Let r be (-4 - -4) + (-99 - -1). Let p = r + 164. Suppose p = 3*n - 30. Calculate the greatest common divisor of n and 4.
4
Let l be ((-1056)/154)/(4/(-14)). Calculate the highest common factor of 8 and l.
8
Suppose 0 = 6*v - 171 - 9. Calculate the highest common factor of 105 and v.
15
Let o(j) = 4*j**2 - 3*j. Let g be o(2). Suppose -4*p + 1 = -3*p. Let t be (p - -5*1) + -1. What is the highest common divisor of g and t?
5
Let i be (4 - -18) + 2*(-9)/(-6). Suppose -3*n - 6 = 0, 4*l + 0*n = n + 402. What is the greatest common divisor of i and l?
25
Let l = -7 - -11. Calculate the highest common factor of l and 4.
4
Let q(i) = i**3 - 3*i**2 - 8*i - 4. Let h be q(5). What is the greatest common factor of 3 and h?
3
Let n(v) = -5*v + 3. Let b be n(-6). Let x = -8 + b. What is the highest common factor of x and 125?
25
Let s = 99 + 46. What is the greatest common divisor of 29 and s?
29
Let i = -39 + 78. Suppose -4*a = -5*o - 32, -5 + i = -4*o - a. Let u(m) = m**2 + 6*m - 6. Let f be u(o). What is the greatest common factor of f and 50?
10
Let j = 41 + -32. Calculate the greatest common divisor of j and 3.
3
Suppose 3*s - 5*i = 181 - 46, -3*s - 4*i + 162 = 0. What is the highest common divisor of 25 and s?
25
Suppose -3*b + 0 = -21. Let q = -99 + 113. Calculate the greatest common divisor of b and q.
7
Suppose 104 = c - 5*q, 3*q + 2*q = -5. Calculate the greatest common divisor of c and 9.
9
Suppose 0 = -d + 2 - 1. Let w(o) = 9*o**3 - o**2 + o. Let g be w(d). Calculate the greatest common factor of 63 and g.
9
Suppose -5*z = -4*b + 37, 0 = -3*b - b + 2*z + 22. Calculate the highest common divisor of 36 and b.
3
Suppose 0 = -0*b + b - 72. What is the highest common divisor of b and 8?
8
Let q(a) = a**2 + 12*a + 13. Let j be q(-9). Let s(o) = -o - 6. Let d be s(j). Calculate the highest common divisor of 16 and d.
8
Let u(p) = -3*p + 6. Let h be u(4). Let v be h/4 - (-43)/2. Suppose 0 = -2*l + 59 + 61. What is the highest common factor of l and v?
20
Let s be (-6)/(-30) - (-24)/5. Suppose 10*b = s*b + 250. Calculate the greatest common divisor of b and 75.
25
Let y(h) = h**2 + 9*h + 8. Let w be y(-8). Let g be (-1 - w/(-2)) + 0. Let r be 12/(-9)*g*3. Calculate the highest common divisor of 4 and r.
4
Let i be (-2 - 16)*(-3)/(-6). Let x = 4 - i. What is the highest common factor of x and 143?
13
Let n = -5 - 4. Let g be ((-6)/n)/((-8)/(-84)). Calculate the highest common factor of g and 1.
1
Let u(a) = -5*a - 27. Let s be u(-6). What is the highest common divisor of 24 and s?
3
Let a = -55 + 136. What is the greatest common factor of a and 9?
9
Let x be 3*((-64)/6)/(-4). What is the greatest common divisor of x and 32?
8
Let x be 1/(-1*2/(-22)). Suppose 0*d + 7*d - 56 = 0. Suppose -3*w = d - 11. What is the highest common divisor of w and x?
1
Suppose -4*n = -9*n + 20. Suppose n*q = 6*q - 4. Suppose 2*o - 48 = -q*r, 4*r - 4*o = -3*o + 116. What is the greatest common divisor of 42 and r?
14
Let c(m) = 3*m**2 - 12*m - 2. Let u be c(5). Calculate the greatest common divisor of u and 117.
13
Let x(a) = 8*a + 2. Let i be x(8). Suppose y - i = -y. Calculate the highest common divisor of y and 22.
11
Let a(b) = -b**3 - 8*b**2 - 7*b + 10. Let l be (-1)/1*(11 + -4). Let d be a(l). What is the highest common divisor of 20 and d?
10
Let o(a) = a**2 + 11*a - 16. Let p be o(-13). What is the highest common divisor of 50 and p?
10
Let w be 12/(-6)*-15*27/6. Calculate the greatest common factor of 54 and w.
27
Let u(g) = -3*g + 32. Let k be u(0). Calculate the highest common divisor of 4 and k.
4
Let t be 8 + -5 - (-44 - -1). Suppose t = 3*k + m, 7*m - 3*m - 31 = -3*k. What is the highest common factor of k and 51?
17
Let d(n) = n**2 + 3*n + 1. Let j be d(-5). Let t be ((-62)/(-3) - -2) + (-24)/36. Calculate the highest common divisor of j and t.
11
Let d = 3 - 3. Let r be (d + (3 - 2))*3. What is the highest common divisor of r and 12?
3
Suppose -y = -6*y - 3*g + 46, -g + 10 = y. Suppose -m + 39 = 15. Calculate the greatest common factor of y and m.
8
Suppose 191 + 49 = 3*g. Suppose 5*m - g = -0*m. Calculate the highest common divisor of 40 and m.
8
Let d be ((-12)/14)/(3/(-168)). Calculate the highest common divisor of 72 and d.
24
Let s be (19 - 1/(-1))*-1. Let j be (3/12)/((-1)/s). What is the highest common divisor of j and 20?
5
Let f = -5 + 10. Suppose -3*u = -f*z - 150, 21 = 3*u + 